{"id":75,"date":"2018-08-16T16:47:50","date_gmt":"2018-08-16T16:47:50","guid":{"rendered":"http:\/\/www.jazykovaskola-im.cz\/?page_id=75"},"modified":"2024-09-23T09:03:34","modified_gmt":"2024-09-23T09:03:34","slug":"kontakty","status":"publish","type":"page","link":"https:\/\/www.jazykovaskola-im.cz\/index.php\/kontakty\/","title":{"rendered":"Kontakty"},"content":{"rendered":"<p><strong>Jazykov\u00e1 \u0161kola IM<\/strong><\/p>\n<p>Mgr. Ilona Martin\u00e1tov\u00e1 (I\u010cO 71130845)<\/p>\n<p>Fr\u00fddek-M\u00edstek<\/p>\n<p><a href=\"http:\/\/www.jazykovaskola-im.cz\">www.jazykovaskola-im.cz<\/a><\/p>\n<p>info@jazykovaskola-im.cz<\/p>\n<p>telefon:\u00a0+420 728 134 031<\/p>\n<p>\u010d\u00edslo bankovn\u00edho \u00fa\u010dtu: 670100-2223315906\/6210 (mBank)<\/p>\n","protected":false},"excerpt":{"rendered":"<p>Jazykov\u00e1 \u0161kola IM Mgr. Ilona Martin\u00e1tov\u00e1 (I\u010cO 71130845) Fr\u00fddek-M\u00edstek www.jazykovaskola-im.cz info@jazykovaskola-im.cz telefon:\u00a0+420 728 134 031 \u010d\u00edslo bankovn\u00edho \u00fa\u010dtu: 670100-2223315906\/6210 (mBank)<\/p>\n","protected":false},"author":1,"featured_media":0,"parent":0,"menu_order":0,"comment_status":"closed","ping_status":"closed","template":"","meta":{"footnotes":""},"class_list":["post-75","page","type-page","status-publish","hentry"],"_links":{"self":[{"href":"https:\/\/www.jazykovaskola-im.cz\/index.php\/wp-json\/wp\/v2\/pages\/75","targetHints":{"allow":["GET"]}}],"collection":[{"href":"https:\/\/www.jazykovaskola-im.cz\/index.php\/wp-json\/wp\/v2\/pages"}],"about":[{"href":"https:\/\/www.jazykovaskola-im.cz\/index.php\/wp-json\/wp\/v2\/types\/page"}],"author":[{"embeddable":true,"href":"https:\/\/www.jazykovaskola-im.cz\/index.php\/wp-json\/wp\/v2\/users\/1"}],"replies":[{"embeddable":true,"href":"https:\/\/www.jazykovaskola-im.cz\/index.php\/wp-json\/wp\/v2\/comments?post=75"}],"version-history":[{"count":10,"href":"https:\/\/www.jazykovaskola-im.cz\/index.php\/wp-json\/wp\/v2\/pages\/75\/revisions"}],"predecessor-version":[{"id":313,"href":"https:\/\/www.jazykovaskola-im.cz\/index.php\/wp-json\/wp\/v2\/pages\/75\/revisions\/313"}],"wp:attachment":[{"href":"https:\/\/www.jazykovaskola-im.cz\/index.php\/wp-json\/wp\/v2\/media?parent=75"}],"curies":[{"name":"wp","href":"https:\/\/api.w.org\/{rel}","templated":true}]}}

<p><strong>Jazyková škola IM</strong></p>
<p>Mgr. Ilona Martinátová (IČO 71130845)</p>
<p>Frýdek-Místek</p>
<p><a href="http://www.jazykovaskola-im.cz">www.jazykovaskola-im.cz</a></p>
<p>info@jazykovaskola-im.cz</p>
<p>telefon: +420 728 134 031</p>
<p>číslo bankovního účtu: 670100-2223315906/6210 (mBank)</p>

<p>Jazyková škola IM Mgr. Ilona Martinátová (IČO 71130845) Frýdek-Místek www.jazykovaskola-im.cz info@jazykovaskola-im.cz telefon: +420 728 134 031 číslo bankovního účtu: 670100-2223315906/6210 (mBank)</p>
