{"id":2,"date":"2018-08-16T18:21:07","date_gmt":"2018-08-16T18:21:07","guid":{"rendered":"http:\/\/localhost\/wp\/wp481\/?page_id=2"},"modified":"2024-09-23T09:02:32","modified_gmt":"2024-09-23T09:02:32","slug":"sample-page","status":"publish","type":"page","link":"https:\/\/www.jazykovaskola-im.cz\/index.php\/sample-page\/","title":{"rendered":""},"content":{"rendered":"<p><strong>VYBERTE SI Z NA\u0160\u00cd NAB\u00cdDKY &#8211; KURZY LZE ZAH\u00c1JIT KDYKOLIV<\/strong><\/p>\n<h3><strong>INDIVIDU\u00c1LN\u00cd V\u00ddUKA<\/strong><\/h3>\n<h5>&#8211; u v\u00e1s doma \/ v kancel\u00e1\u0159i \/ na\u0161ich prostor\u00e1ch<\/h5>\n<h5>&#8211; doprava lektora k v\u00e1m je\u00a0<strong>ZDARMA<\/strong><\/h5>\n<h5>&#8211; uk\u00e1zkov\u00e1 hodina\u00a0<strong>ZDARMA<\/strong><\/h5>\n<h5>&#8211; audit va\u0161ich jazykov\u00fdch znalost\u00ed\u00a0<strong>ZDARMA<\/strong><\/h5>\n<h5>&#8211; lze zah\u00e1jit<strong>\u00a0KDYKOLIV !!!<\/strong><\/h5>\n<h5>&#8211; sleva je platn\u00e1 pouze pro nov\u00e9 studenty<\/h5>\n<h5>&#8211; u\u010debnice nen\u00ed sou\u010d\u00e1st\u00ed ceny v\u00fduky, r\u00e1di v\u00e1m ji v\u0161ak zajist\u00edme<\/h5>\n<h5>&#8211; cen\u00edk pro individu\u00e1ln\u00ed v\u00fduku v\u00e1m r\u00e1di po\u0161leme emailem<\/h5>\n<p>&nbsp;<\/p>\n<h3><strong>V\u00ddUKA ONLINE<\/strong><\/h3>\n<h5>1. pot\u0159ebujete pouze\u00a0<strong>p\u0159ipojen\u00ed k internetu<\/strong>\u00a0(+ sluch\u00e1tka a mikrofon, pokud chcete i webkameru)<\/h5>\n<h5>2. ozv\u011bte se n\u00e1m a vyberte si lektora (\u010desk\u00e9ho lektora nebo rodil\u00e9ho mluv\u010d\u00edho)<\/h5>\n<h5>3. uk\u00e1zkov\u00e1 hodina je\u00a0<strong>ZDARMA<\/strong><\/h5>\n<h5><\/h5>\n<h5><\/h5>\n<h5><strong>V\u00ddHODY V\u00ddUKY ONLINE<\/strong><\/h5>\n<h5>&#8211; u\u010dte se z domova \/ kancel\u00e1\u0159e<\/h5>\n<h5>&#8211; vyu\u017eijte \u010dasovou\u00a0<strong>flexibilitu<\/strong>\u00a0na\u0161ich lektor\u016f &#8211; v\u010detn\u011b netradi\u010dn\u00edch \u010das\u016f (brzy r\u00e1no, ve\u010der) a term\u00edn\u016f (v\u00edkendy, sv\u00e1tky)<\/h5>\n<h5>&#8211; hodinu si m\u016f\u017eete pro pozd\u011bj\u0161\u00ed zopakov\u00e1n\u00ed nahr\u00e1t<\/h5>\n<h5>&#8211;\u00a0<strong>u\u0161et\u0159ete v\u00e1\u0161 \u010das<\/strong>, kter\u00fd byste str\u00e1vili cestou k lektorovi<\/h5>\n<p>&nbsp;<\/p>\n<h3><strong>FIREMN\u00cd V\u00ddUKA<\/strong><\/h3>\n<h5>&#8211; zajist\u00edme doj\u00ed\u017edku lektora p\u0159\u00edmo do va\u0161\u00ed firmy<\/h5>\n<p>Zaji\u0161\u0165ovali jsme v\u00fduku v mnoha firm\u00e1ch a instituc\u00edch, nap\u0159.:<\/p>\n<ul>\n<li>Adampol CZECH, s.r.o.<\/li>\n<li>Plakor CZECH, s.r.o.<\/li>\n<li>Knihovna m\u011bsta Ostravy<\/li>\n<li>M\u011bstsk\u00e1 policie Karvin\u00e1<\/li>\n<li>POMAD zdravotn\u00ed centrum Fr\u00fddek-M\u00edstek<\/li>\n<li>DEVA FM, s.r.o.<\/li>\n<\/ul>\n<p><strong>REZERVUJTE SI SV\u00c1 M\u00cdSTA V\u010cAS !!!<\/strong><\/p>\n<p><strong>NAB\u00cdZ\u00cdME V\u00ddUKU T\u011aCHTO JAZYK\u016e:<\/strong><\/p>\n<p>Angli\u010dtina<\/p>\n<p>N\u011bm\u010dina<\/p>\n<p>Francouz\u0161tina<\/p>\n<p>\u0160pan\u011bl\u0161tina<\/p>\n<p>Ital\u0161tina<\/p>\n<p>Pol\u0161tina<\/p>\n<p>Ru\u0161tina<\/p>\n<p>Rumun\u0161tina<\/p>\n<p>Portugal\u0161tina<\/p>\n<p>Ma\u010far\u0161tina<\/p>\n<p>\u010c\u00edn\u0161tina<\/p>\n<p>Korej\u0161tina<\/p>\n<p>\u010ce\u0161tina pro cizince (Czech for foreigners)<\/p>\n<p>&nbsp;<\/p>\n","protected":false},"excerpt":{"rendered":"<p>VYBERTE SI Z NA\u0160\u00cd NAB\u00cdDKY &#8211; KURZY LZE ZAH\u00c1JIT KDYKOLIV INDIVIDU\u00c1LN\u00cd V\u00ddUKA &#8211; u v\u00e1s doma \/ v kancel\u00e1\u0159i \/ na\u0161ich prostor\u00e1ch &#8211; doprava lektora&hellip;<\/p>\n","protected":false},"author":1,"featured_media":0,"parent":0,"menu_order":0,"comment_status":"closed","ping_status":"open","template":"","meta":{"footnotes":""},"class_list":["post-2","page","type-page","status-publish","hentry"],"_links":{"self":[{"href":"https:\/\/www.jazykovaskola-im.cz\/index.php\/wp-json\/wp\/v2\/pages\/2","targetHints":{"allow":["GET"]}}],"collection":[{"href":"https:\/\/www.jazykovaskola-im.cz\/index.php\/wp-json\/wp\/v2\/pages"}],"about":[{"href":"https:\/\/www.jazykovaskola-im.cz\/index.php\/wp-json\/wp\/v2\/types\/page"}],"author":[{"embeddable":true,"href":"https:\/\/www.jazykovaskola-im.cz\/index.php\/wp-json\/wp\/v2\/users\/1"}],"replies":[{"embeddable":true,"href":"https:\/\/www.jazykovaskola-im.cz\/index.php\/wp-json\/wp\/v2\/comments?post=2"}],"version-history":[{"count":10,"href":"https:\/\/www.jazykovaskola-im.cz\/index.php\/wp-json\/wp\/v2\/pages\/2\/revisions"}],"predecessor-version":[{"id":312,"href":"https:\/\/www.jazykovaskola-im.cz\/index.php\/wp-json\/wp\/v2\/pages\/2\/revisions\/312"}],"wp:attachment":[{"href":"https:\/\/www.jazykovaskola-im.cz\/index.php\/wp-json\/wp\/v2\/media?parent=2"}],"curies":[{"name":"wp","href":"https:\/\/api.w.org\/{rel}","templated":true}]}}

<p><strong>VYBERTE SI Z NAŠÍ NABÍDKY &#8211; KURZY LZE ZAHÁJIT KDYKOLIV</strong></p>
<h3><strong>INDIVIDUÁLNÍ VÝUKA</strong></h3>
<h5>&#8211; u vás doma / v kanceláři / našich prostorách</h5>
<h5>&#8211; doprava lektora k vám je <strong>ZDARMA</strong></h5>
<h5>&#8211; ukázková hodina <strong>ZDARMA</strong></h5>
<h5>&#8211; audit vašich jazykových znalostí <strong>ZDARMA</strong></h5>
<h5>&#8211; lze zahájit<strong> KDYKOLIV !!!</strong></h5>
<h5>&#8211; sleva je platná pouze pro nové studenty</h5>
<h5>&#8211; učebnice není součástí ceny výuky, rádi vám ji však zajistíme</h5>
<h5>&#8211; ceník pro individuální výuku vám rádi pošleme emailem</h5>
<p>&nbsp;</p>
<h3><strong>VÝUKA ONLINE</strong></h3>
<h5>1. potřebujete pouze <strong>připojení k internetu</strong> (+ sluchátka a mikrofon, pokud chcete i webkameru)</h5>
<h5>2. ozvěte se nám a vyberte si lektora (českého lektora nebo rodilého mluvčího)</h5>
<h5>3. ukázková hodina je <strong>ZDARMA</strong></h5>
<h5></h5>
<h5></h5>
<h5><strong>VÝHODY VÝUKY ONLINE</strong></h5>
<h5>&#8211; učte se z domova / kanceláře</h5>
<h5>&#8211; využijte časovou <strong>flexibilitu</strong> našich lektorů &#8211; včetně netradičních časů (brzy ráno, večer) a termínů (víkendy, svátky)</h5>
<h5>&#8211; hodinu si můžete pro pozdější zopakování nahrát</h5>
<h5>&#8211; <strong>ušetřete váš čas</strong>, který byste strávili cestou k lektorovi</h5>
<p>&nbsp;</p>
<h3><strong>FIREMNÍ VÝUKA</strong></h3>
<h5>&#8211; zajistíme dojíždku lektora přímo do vaší firmy</h5>
<p>Zajišťovali jsme výuku v mnoha firmách a institucích, např.:</p>
<ul>
<li>Adampol CZECH, s.r.o.</li>
<li>Plakor CZECH, s.r.o.</li>
<li>Knihovna města Ostravy</li>
<li>Městská policie Karviná</li>
<li>POMAD zdravotní centrum Frýdek-Místek</li>
<li>DEVA FM, s.r.o.</li>
</ul>
<p><strong>REZERVUJTE SI SVÁ MÍSTA VČAS !!!</strong></p>
<p><strong>NABÍZÍME VÝUKU TĚCHTO JAZYKŮ:</strong></p>
<p>Angličtina</p>
<p>Němčina</p>
<p>Francouzština</p>
<p>Španělština</p>
<p>Italština</p>
<p>Polština</p>
<p>Ruština</p>
<p>Rumunština</p>
<p>Portugalština</p>
<p>Maďarština</p>
<p>Čínština</p>
<p>Korejština</p>
<p>Čeština pro cizince (Czech for foreigners)</p>
<p>&nbsp;</p>

<p>VYBERTE SI Z NAŠÍ NABÍDKY &#8211; KURZY LZE ZAHÁJIT KDYKOLIV INDIVIDUÁLNÍ VÝUKA &#8211; u vás doma / v kanceláři / našich prostorách &#8211; doprava lektora&hellip;</p>
