{"id":180,"date":"2018-09-02T14:12:33","date_gmt":"2018-09-02T14:12:33","guid":{"rendered":"http:\/\/www.jazykovaskola-im.cz\/?page_id=180"},"modified":"2024-09-23T09:00:58","modified_gmt":"2024-09-23T09:00:58","slug":"123-2","status":"publish","type":"page","link":"https:\/\/www.jazykovaskola-im.cz\/","title":{"rendered":""},"content":{"rendered":"<p><img loading=\"lazy\" decoding=\"async\" class=\"alignnone wp-image-222 aligncenter\" src=\"http:\/\/www.jazykovaskola-im.cz\/wp-content\/uploads\/2019\/01\/adult-education-2706977_640-300x133.jpg\" alt=\"\" width=\"395\" height=\"175\" srcset=\"https:\/\/www.jazykovaskola-im.cz\/wp-content\/uploads\/2019\/01\/adult-education-2706977_640-300x133.jpg 300w, https:\/\/www.jazykovaskola-im.cz\/wp-content\/uploads\/2019\/01\/adult-education-2706977_640.jpg 640w\" sizes=\"auto, (max-width: 395px) 100vw, 395px\" \/><\/p>\n<p>&nbsp;<\/p>\n<h4>\u00a0 \u00a0 \u00a0 \u00a0 <strong>\u00a0 \u00a0 \u00a0 \u00a0 \u00a0 \u00a0 \u00a0 \u00a0 \u00a0 \u00a0 \u00a0 \u00a0V\u00edt\u00e1me V\u00e1s na str\u00e1nk\u00e1ch JAZYKOV\u00c9 \u0160KOLY IM!<\/strong><\/h4>\n<h4>\u00a0 \u00a0 \u00a0 \u00a0 \u00a0 \u00a0 \u00a0 \u00a0 \u00a0 \u00a0 \u00a0 \u00a0 \u00a0 \u00a0 \u00a0 \u00a0<em>\u00a0Chcete se za\u010d\u00edt u\u010dit ciz\u00ed jazyk? Pak jste tu spr\u00e1vn\u011b.\u00a0<\/em><\/h4>\n<h4><strong>NAB\u00cdZ\u00cdME:<\/strong><\/h4>\n<h4>&#8211; v\u00fduku pro ve\u0159ejnost v mal\u00fdch skupink\u00e1ch<\/h4>\n<h4>&#8211; individu\u00e1ln\u00ed v\u00fduku<\/h4>\n<h4>&#8211; p\u0159\u00edpravn\u00e9 kurzy ke st\u00e1tn\u00ed maturit\u011b \u010di Cambridgesk\u00fdm zkou\u0161k\u00e1m<\/h4>\n<h4>&#8211; v\u00fduku obchodn\u00ed, pr\u00e1vn\u00ed, l\u00e9ka\u0159sk\u00e9 a technick\u00e9 angli\u010dtiny<\/h4>\n<h4>&#8211; v\u00fduku pro \u017e\u00e1ky z\u00e1kladn\u00edch a st\u0159edn\u00edch \u0161kol<\/h4>\n<h4>&#8211; v\u00fduku pro seniory<\/h4>\n<h4><strong>Vyu\u010dujeme celkem 11 ciz\u00edch jazyk\u016f!<\/strong><\/h4>\n<h4>V\u00fduka prob\u00edh\u00e1 u v\u00e1s doma, v kancel\u00e1\u0159i nebo online.<\/h4>\n<h4>R\u00e1di v\u00e1m p\u0159i v\u00fdb\u011bru vhodn\u00e9ho kurzu \u010di zkou\u0161ky porad\u00edme!<\/h4>\n<h4><strong>Nev\u00e1hejte n\u00e1s kontaktovat na +420 728 134 031 nebo info@jazykovaskola-im.cz<\/strong><\/h4>\n<p>&nbsp;<\/p>\n<h4><\/h4>\n<h4 style=\"margin-bottom: 0.540791em; text-align: center;\"><strong><em>U V\u0160ECH KURZ\u016e JE PRVN\u00cd LEKCE V\u017dDY ZDARMA!<\/em><\/strong><\/h4>\n<p>&nbsp;<\/p>\n<p>&nbsp;<\/p>\n<p>&nbsp;<\/p>\n","protected":false},"excerpt":{"rendered":"<p>&nbsp; \u00a0 \u00a0 \u00a0 \u00a0 \u00a0 \u00a0 \u00a0 \u00a0 \u00a0 \u00a0 \u00a0 \u00a0 \u00a0 \u00a0 \u00a0 \u00a0V\u00edt\u00e1me V\u00e1s na str\u00e1nk\u00e1ch JAZYKOV\u00c9 \u0160KOLY IM! \u00a0 \u00a0&hellip;<\/p>\n","protected":false},"author":1,"featured_media":218,"parent":0,"menu_order":0,"comment_status":"closed","ping_status":"closed","template":"","meta":{"footnotes":""},"class_list":["post-180","page","type-page","status-publish","has-post-thumbnail","hentry"],"_links":{"self":[{"href":"https:\/\/www.jazykovaskola-im.cz\/index.php\/wp-json\/wp\/v2\/pages\/180","targetHints":{"allow":["GET"]}}],"collection":[{"href":"https:\/\/www.jazykovaskola-im.cz\/index.php\/wp-json\/wp\/v2\/pages"}],"about":[{"href":"https:\/\/www.jazykovaskola-im.cz\/index.php\/wp-json\/wp\/v2\/types\/page"}],"author":[{"embeddable":true,"href":"https:\/\/www.jazykovaskola-im.cz\/index.php\/wp-json\/wp\/v2\/users\/1"}],"replies":[{"embeddable":true,"href":"https:\/\/www.jazykovaskola-im.cz\/index.php\/wp-json\/wp\/v2\/comments?post=180"}],"version-history":[{"count":36,"href":"https:\/\/www.jazykovaskola-im.cz\/index.php\/wp-json\/wp\/v2\/pages\/180\/revisions"}],"predecessor-version":[{"id":311,"href":"https:\/\/www.jazykovaskola-im.cz\/index.php\/wp-json\/wp\/v2\/pages\/180\/revisions\/311"}],"wp:featuredmedia":[{"embeddable":true,"href":"https:\/\/www.jazykovaskola-im.cz\/index.php\/wp-json\/wp\/v2\/media\/218"}],"wp:attachment":[{"href":"https:\/\/www.jazykovaskola-im.cz\/index.php\/wp-json\/wp\/v2\/media?parent=180"}],"curies":[{"name":"wp","href":"https:\/\/api.w.org\/{rel}","templated":true}]}}

<p><img loading="lazy" decoding="async" class="alignnone wp-image-222 aligncenter" src="http://www.jazykovaskola-im.cz/wp-content/uploads/2019/01/adult-education-2706977_640-300x133.jpg" alt="" width="395" height="175" srcset="https://www.jazykovaskola-im.cz/wp-content/uploads/2019/01/adult-education-2706977_640-300x133.jpg 300w, https://www.jazykovaskola-im.cz/wp-content/uploads/2019/01/adult-education-2706977_640.jpg 640w" sizes="auto, (max-width: 395px) 100vw, 395px" /></p>
<p>&nbsp;</p>
<h4>        <strong>                       Vítáme Vás na stránkách JAZYKOVÉ ŠKOLY IM!</strong></h4>
<h4>                               <em> Chcete se začít učit cizí jazyk? Pak jste tu správně. </em></h4>
<h4><strong>NABÍZÍME:</strong></h4>
<h4>&#8211; výuku pro veřejnost v malých skupinkách</h4>
<h4>&#8211; individuální výuku</h4>
<h4>&#8211; přípravné kurzy ke státní maturitě či Cambridgeským zkouškám</h4>
<h4>&#8211; výuku obchodní, právní, lékařské a technické angličtiny</h4>
<h4>&#8211; výuku pro žáky základních a středních škol</h4>
<h4>&#8211; výuku pro seniory</h4>
<h4><strong>Vyučujeme celkem 11 cizích jazyků!</strong></h4>
<h4>Výuka probíhá u vás doma, v kanceláři nebo online.</h4>
<h4>Rádi vám při výběru vhodného kurzu či zkoušky poradíme!</h4>
<h4><strong>Neváhejte nás kontaktovat na +420 728 134 031 nebo info@jazykovaskola-im.cz</strong></h4>
<p>&nbsp;</p>
<h4></h4>
<h4 style="margin-bottom: 0.540791em; text-align: center;"><strong><em>U VŠECH KURZŮ JE PRVNÍ LEKCE VŽDY ZDARMA!</em></strong></h4>
<p>&nbsp;</p>
<p>&nbsp;</p>
<p>&nbsp;</p>

<p>&nbsp;                                Vítáme Vás na stránkách JAZYKOVÉ ŠKOLY IM!    &hellip;</p>
